142325677?
23, 310535899
What are the prime factors of 104965414?
2, 269, 195103
List the prime factors of 704011880.
2, 5, 11, 13, 67, 167
List the prime factors of 343389561.
3, 114463187
List the prime factors of 450264791.
83, 5424877
What are the prime factors of 340704767?
13, 26208059
What are the prime factors of 726501302?
2, 363250651
What are the prime factors of 1559703334?
2, 7, 1913, 58237
What are the prime factors of 4419457?
7, 19, 47, 101
What are the prime factors of 6706046?
2, 3353023
What are the prime factors of 42630733?
89, 601, 797
What are the prime factors of 592295105?
5, 293, 461, 877
List the prime factors of 138043007.
138043007
What are the prime factors of 276798038?
2, 11, 67, 187787
What are the prime factors of 379864885?
5, 409, 185753
List the prime factors of 65620908.
2, 3, 19, 113, 283
What are the prime factors of 49417285?
5, 9883457
What are the prime factors of 23226079?
79, 294001
List the prime factors of 53290653.
3, 13, 1366427
List the prime factors of 2308827791.
23, 100383817
List the prime factors of 3833000696.
2, 7, 109, 823
What are the prime factors of 357555390?
2, 3, 5, 17, 701089
List the prime factors of 715254502.
2, 8191, 43661
List the prime factors of 10164196.
2, 7, 37, 9811
List the prime factors of 7305879.
3, 7, 347899
What are the prime factors of 687858801?
3, 7, 29, 1129489
List the prime factors of 288099010.
2, 5, 28809901
List the prime factors of 1016472726.
2, 3, 6274523
List the prime factors of 25377904.
2, 179, 8861
List the prime factors of 702773873.
199, 971, 3637
List the prime factors of 4545595285.
5, 7, 11, 29, 383, 1063
What are the prime factors of 1124563298?
2, 19, 619, 47809
What are the prime factors of 360209306?
2, 53, 97, 661
List the prime factors of 113880156.
2, 3, 13, 823, 887
List the prime factors of 83004413.
53, 1566121
What are the prime factors of 989116961?
7, 141302423
What are the prime factors of 43879486?
2, 7, 3134249
List the prime factors of 62006156.
2, 787, 19697
What are the prime factors of 12466366?
2, 11, 566653
What are the prime factors of 119319104?
2, 1864361
What are the prime factors of 65303391?
3, 31, 73, 9619
List the prime factors of 1701740907.
3, 53, 229, 577
List the prime factors of 7185924445.
5, 7, 205312127
List the prime factors of 412786058.
2, 19, 29, 83, 4513
List the prime factors of 430520218.
2, 2621, 82129
What are the prime factors of 148207890?
2, 3, 5, 4940263
List the prime factors of 28252086.
2, 3, 4708681
List the prime factors of 5693794876.
2, 7, 11, 37, 53, 857
What are the prime factors of 117996826?
2, 58998413
What are the prime factors of 194936173?
29, 53, 2393
List the prime factors of 145902338.
2, 72951169
What are the prime factors of 1120729184?
2, 1451, 24137
List the prime factors of 58932005.
5, 11, 229, 4679
List the prime factors of 243839069.
243839069
List the prime factors of 2239459.
2239459
What are the prime factors of 1938933703?
7, 67, 4134187
What are the prime factors of 824381617?
23, 139, 257861
List the prime factors of 50278177.
41, 1226297
What are the prime factors of 2497886?
2, 29, 43067
List the prime factors of 18488733.
3, 2087, 2953
What are the prime factors of 101265678?
2, 3, 683, 8237
What are the prime factors of 1257177484?
2, 19, 3313, 4993
List the prime factors of 298927702.
2, 4283, 34897
List the prime factors of 545286836.
2, 136321709
List the prime factors of 390263786.
2, 11, 43, 97, 4253
What are the prime factors of 111622704?
2, 3, 617, 3769
List the prime factors of 268605144.
2, 3, 67, 55681
What are the prime factors of 1517009484?
2, 3, 17, 311, 23911
List the prime factors of 2401716993.
3, 13, 97, 634871
What are the prime factors of 128456021?
128456021
What are the prime factors of 7574934954?
2, 3, 23, 43, 647, 1973
What are the prime factors of 77948985?
3, 5, 233, 22303
What are the prime factors of 5080228?
2, 41, 30977
What are the prime factors of 129187394?
2, 7, 43, 53, 4049
List the prime factors of 1619321670.
2, 3, 5, 23, 59, 13259
What are the prime factors of 873973678?
2, 436986839
List the prime factors of 20879359.
37, 564307
What are the prime factors of 389203227?
3, 7, 131, 6737
List the prime factors of 1128823573.
19, 43, 673, 2053
List the prime factors of 3118572776.
2, 11, 241, 147047
What are the prime factors of 3080449208?
2, 37, 587, 17729
List the prime factors of 880287182.
2, 607, 725113
What are the prime factors of 398005190?
2, 5, 11, 17, 212837
What are the prime factors of 115547835?
3, 5, 13, 19, 2399
What are the prime factors of 3230561231?
149, 21681619
What are the prime factors of 2422963767?
3, 7, 115379227
List the prime factors of 2314471592.
2, 1373, 210713
What are the prime factors of 55510820?
2, 5, 103, 26947
List the prime factors of 488129617.
193, 2529169
What are the prime factors of 1979557782?
2, 3, 101, 3266597
What are the prime factors of 84141335?
5, 16828267
List the prime factors of 20951016.
2, 3, 872959
List the prime factors of 1503949786.
2, 157, 2053, 2333
What are the prime factors of 69968057?
179, 390883
What are the prime factors of 18585633?
3, 11, 23, 47, 521
What are the prime factors of 577228279?
89, 97, 66863
What are the prime factors of 58892431?
13, 379, 11953
What are the prime factors of 20684463?
3, 6894821
List the prime factors of 760385263.
11, 19, 3638207
List the prime factors of 41925481.
13, 23, 281, 499
What are the prime factors of 8416629?
3, 13, 7993
What are the prime factors of 291639413?
13, 31, 55667
List the prime factors of 1937250381.
3, 11, 577, 101741
List the prime factors of 588373724.
2, 59, 2493109
List the prime factors of 53385776.
2, 73, 45707
List the prime factors of 41878004.
2, 7, 17, 97, 907
List the prime factors of 2189258020.
2, 5, 71, 1541731
What are the prime factors of 53088063?
3, 7, 2528003
List the prime factors of 281339491.
179, 1571729
What are the prime factors of 27229249?
719, 37871
What are the prime factors of 140316640?
2, 5, 17, 79, 653
List the prime factors of 1389500631.
3, 31, 4980289
List the prime factors of 133306242.
2, 3, 19, 1169353
List the prime factors of 348663755.
5, 11, 103, 61547
List the prime factors of 7221381308.
2, 1805345327
List the prime factors of 263355054.
2, 3, 41, 1009, 1061
List the prime factors of 37514525.
5, 641, 2341
List the prime factors of 386370595.
5, 13, 5944163
List the prime factors of 41992238.
2, 223, 94153
List the prime factors of 1146505484.
2, 293, 349, 2803
List the prime factors of 551625137.
7, 67, 1176173
List the prime factors of 236710306.
2, 7, 16907879
What are the prime factors of 396292319?
396292319
List the prime factors of 2259150808.
2, 17, 29, 572807
List the prime factors of 845469517.
17, 49733501
What are the prime factors of 256041457?
7, 36577351
What are the prime factors of 1887368383?
3631, 519793
List the prime factors of 92351799.
3, 19, 180023
List the prime factors of 3769655530.
2, 5, 376965553
List the prime factors of 48625859.
48625859
What are the prime factors of 5783764?
2, 7, 23, 1283
What are the prime factors of 663266085?
3, 5, 6581, 6719
What are the prime factors of 57690471?
3, 19230157
What are the prime factors of 173493557?
127, 1117, 1223
What are the prime factors of 67291568?
2, 79, 139, 383
What are the prime factors of 102707088?
2, 3, 11, 194521
List the prime factors of 39027901.
11, 3547991
List the prime factors of 745596631.
13, 71, 807797
List the prime factors of 2304403443.
3, 127, 2016101
What are the prime factors of 64897506?
2, 3, 41, 47, 1871
List the prime factors of 311628650.
2, 5, 6232573
What are the prime factors of 370437796?
2, 92609449
What are the prime factors of 3811838169?
3, 67, 18964369
What are the prime factors of 48849290?
2, 5, 7, 43, 16229
List the prime factors of 14103454.
2, 29, 73, 3331
What are the prime factors of 150124230?
2, 3, 5, 233, 7159
What are the prime factors of 850007047?
19, 137, 326549
What are the prime factors of 325190385?
3, 5, 13, 389, 1429
List the prime factors of 556423967.
11, 50583997
List the prime factors of 4850048552.
2, 606256069
What are the prime factors of 119159753?
29, 31, 132547
What are the prime factors of 1068378145?
5